base 11) to base 12
21292
Convert -48151 (base 9) to base 5.
-2012303
Convert -114617 (base 8) to base 5.
-2224221
-200010110 (base 3) to base 7
-53346
-1509 (base 12) to base 14
-c77
-1100122220 (base 3) to base 14
-9a51
Convert 79 (base 12) to base 3.
10110
771 (base 12) to base 6
5021
Convert -740 (base 11) to base 4.
-31323
What is 6b65 (base 13) in base 10?
15124
What is -352 (base 12) in base 15?
-22e
111222011 (base 3) to base 12
5a87
1100200122 (base 3) to base 15
7dd2
Convert -5105 (base 7) to base 2.
-11011101001
Convert -636a (base 13) to base 8.
-32721
What is -87a (base 13) in base 14?
-75b
23305 (base 8) to base 12
58b1
-220122111 (base 3) to base 16
-4630
What is -1434 (base 5) in base 4?
-3310
Convert fe9 (base 16) to base 7.
14606
-3316 (base 11) to base 5
-114443
-b18a (base 14) to base 9
-45751
What is -115 (base 16) in base 12?
-1b1
Convert -8a (base 12) to base 6.
-254
What is 201122222 (base 3) in base 9?
21588
4b (base 16) to base 12
63
-13120 (base 4) to base 9
-574
-10278 (base 11) to base 13
-6a75
Convert 90a4 (base 12) to base 3.
210111121
Convert -a829 (base 12) to base 6.
-221253
Convert -492 (base 13) to base 9.
-1073
Convert 1110011010001010 (base 2) to base 11.
40383
Convert -112001201 (base 3) to base 11.
-7780
What is 5014 (base 6) in base 7?
3115
3424 (base 9) to base 6
15421
What is -881 (base 12) in base 9?
-1637
-a45 (base 12) to base 4
-113111
Convert 9d7a (base 16) to base 4.
21311322
What is -12220 (base 4) in base 9?
-521
What is 21010 (base 3) in base 16?
c0
-100111111 (base 2) to base 10
-319
Convert 117 (base 16) to base 11.
234
111331 (base 4) to base 6
10301
-13041 (base 7) to base 5
-102314
Convert 275 (base 13) to base 3.
121002
What is -527 (base 9) in base 5?
-3210
-10220121 (base 3) to base 2
-101100100011
What is 1200001211 (base 3) in base 15?
9b04
1270 (base 8) to base 14
37a
What is -10000100110 (base 2) in base 9?
-1410
What is 120142 (base 8) in base 15?
c273
-2123030 (base 4) to base 11
-750a
What is 3666 (base 8) in base 3?
2201010
What is -1862 (base 14) in base 3?
-20000220
Convert -1011001010111011 (base 2) to base 15.
-d855
What is 10110111 (base 2) in base 7?
351
What is 2265 (base 8) in base 16?
4b5
What is -231322 (base 4) in base 16?
-b7a
What is 631 (base 13) in base 11?
879
Convert -6b6 (base 12) to base 8.
-1752
What is 10201020 (base 4) in base 5?
1043004
-102123 (base 4) to base 9
-1550
What is -242 (base 5) in base 15?
-4c
Convert 32024 (base 7) to base 10.
7907
What is -7813 (base 9) in base 6?
-42403
What is 36aa (base 12) in base 5?
144203
What is 194a4 (base 12) in base 13?
13ab3
-2202 (base 4) to base 15
-ac
Convert 652 (base 9) to base 4.
20111
Convert 40a (base 11) to base 16.
1ee
Convert -7950 (base 10) to base 15.
-2550
What is 4275 (base 10) in base 8?
10263
Convert -272d (base 15) to base 10.
-8368
Convert 12241 (base 6) to base 11.
140a
Convert -40554 (base 10) to base 6.
-511430
55252 (base 7) to base 2
11011000011111
What is -122201 (base 4) in base 7?
-4643
What is -30324 (base 5) in base 12?
-1178
221 (base 8) to base 11
122
Convert -111012 (base 3) to base 8.
-544
Convert 101001001111 (base 2) to base 13.
1280
Convert -4ca (base 14) to base 15.
-442
-3120011 (base 4) to base 16
-3605
What is -55113 (base 6) in base 11?
-5794
Convert -13302 (base 4) to base 16.
-1f2
-4134 (base 5) to base 3
-202011
Convert -aeb (base 15) to base 6.
-15235
What is -21000 (base 4) in base 9?
-710
15237 (base 9) to base 15
3137
48989 (base 10) to base 15
e7ae
What is -10522 (base 6) in base 13?
-8a8
Convert 1021010001 (base 3) to base 6.
311044
Convert 55d6 (base 14) to base 3.
202102102
Convert 40323 (base 5) to base 11.
1a43
Convert -542 (base 11) to base 6.
-3003
Convert -daa (base 15) to base 14.
-11a5
Convert 4043 (base 13) to base 14.
3319
What is 3594 (base 11) in base 13?
21a8
Convert 177 (base 16) to base 9.
456
What is 15 (base 10) in base 13?
12
Convert 14403 (base 6) to base 2.
100100000011
-3469 (base 11) to base 2
-1000111001000
What is -5ab3 (base 13) in base 12?
-7505
-63 (base 15) to base 3
-10110
Convert -4363 (base 8) to base 7.
-6452
304 (base 9) to base 8
367
-8bd5 (base 15) to base 5
-1422200
What is -17d (base 14) in base 3?
-102101
3e7 (base 16) to base 2
1111100111
Convert 1302 (base 4) to base 5.
424
169d (base 14) to base 16
fdb
What is 2504 (base 14) in base 6?
45544
What is -1001011100011 (base 2) in base 15?
-1675
-2111011001 (base 3) to base 13
-19387
Convert 6e8 (base 15) to base 11.
11a6
What is 1e11 (base 16) in base 15?
2432
-1894 (base 12) to base 3
-11002211
Convert -3197 (base 10) to base 3.
-11101102
Convert -a6 (base 12) to base 13.
-99
What is 4a6 (base 13) in base 4?
30230
Convert 33 (base 5) to base 16.
12
11532 (base 7) to base 14
1152
What is 54094 (base 11) in base 13?
29a38
What is -10040 (base 5) in base 9?
-786
Convert -2011220200 (base 3) to base 7.
-236133
What is 168 (base 13) in base 8?
377
100011010110 (base 2) to base 5
33022
What is 2153 (base 6) in base 15?
236
-48565 (base 10) to base 16
-bdb5
16b (base 16) to base 3
111110
What is 3579 (base 16) in base 5?
414224
103377 (base 8) to base 11
23a68
What is 21141 (base 9) in base 12?
8101
What is -4129 (base 11) in base 3?
-21111211
Convert -4630 (base 9) to base 2.
-110101100101
Convert -27606 (base 8) to base 14.
-4610
-1653 (base 7) to base 8
-1243
-373 (base 8) to base 11
-209
What is 1442444 (base 5) in base 14?
b423
What is -731 (base 8) in base 11?
-3a0
Convert 44 (base 12) to base 5.
202
What is 6098 (base 11) in base 9?
12082
-758 (base 10) to base 16
-2f6
What is -b98 (base 15) in base 10?
-2618
-16174 (base 11) to base 10
-22829
-42 (base 6) to base 9
-28
Convert -20740 (base 8) to base 3.
-102220012
Convert -3773 (base 8) to base 14.
-a5d
What is 550e (base 15) in base 6?
215222
What is 542351 (base 6) in base 4?
22321123
-1222301 (base 4) to base 13
-3158
Convert -e4 (base 15) to base 11.
-185
Convert -98c (base 15) to base 10.
-2157
Convert 1bb39 (base 13) to base 14.
15ca7
-10011111010110 (base 2) to base 10
-10198
What is 4197 (base 10) in base 7?
15144
a5a (base 12) to base 14
79c
Convert 30351 (base 6) to base 5.
112102
Convert 4aa (base 14) to base 6.
4154
What is 2010 (base 6) in base 10?
438
Convert 222211 (base 4) to base 2.
101010100101
What is 1545 (base 6) in base 12?
2b5
737 (base 16) to base 4
130313
1100211 (base 5) to base 10
18806
What is -7632 (base 11) in base 6?
-114354
What is 3bc (base 14) in base 2?
1011110010
What is 287 (base 14) in base 2?
111111111
What is -3051 (base 6) in base 3?
-221011
461 (base 7) to base 15
10e
What is -13104 (base 7) in base 12?
-2023
What is 6a7c (base 13) in base 10?
14975
2998 (base 11) to base 15
1223
What is 20020 (base 5) in base 3?
1201200
Convert -201103 (base 4) to base 2.
-100001010011
Convert 2005 (base 6) to base 4.
12311
What is 1434 (base 8) in base 14?
40c
11001030 (base 4) to base 12
ba90
Convert 112423 (base 5) to base 8.
10021
3145 (base 7) to base 8
2127
18885 (base 9) to base 11
9946
Convert -995 (base 12) to base 6.
-10305
Convert -8501 (base 16) to base 11.
-23644
4114 (base 6) to base 4
32032
What is -111010021 (base 3) in base 9?
-14107
What is 5413 (base 6) in base 16?
4d1
Convert 18281 (base 11) to base 10.
25620
111220231 (base 4) to base 6
1522141
What is -770 (base 10) in base 2?
-1100000010
5cc (base 16) to base 15
68e
18603 (base 10) to base 4
10202223
Convert -101101101010101 (base 2) to base 9.
-35058
Convert 129 (base 14) to base 10.
233
569 (base 14) to base 12
755
What is 1013 (base 10) in base 5?
13023
What is 105 (base 8) in base 11?
63
Convert -21c (base 13) to base 5.
-2423
-287 (base 14) to base 2
-111111111
What is -673 (base 10) in base 4?
-22201
2005 (base 12) to base 9
4665
-34448 (base 9) to base 14
-8527
What is 5066 (base 12) in base 15?
28b3
7709 (base 10) to base 15
243e
-289 (base 11) to base 15
-179
-181c (base 13) to base 15
-10d4
What is 8c (base 16) in base 4?
2030
What is 3013311 (base 4) in base 10?
12789
Convert a10 (base 12) to base 10.
1452
-2155 (base 8) to base 14
-5ad
13213233 (base 4) to base 2
111100111101111
What is 308 (base 9) in base 12?
18b
What is -3083 (base 9) in base 6?
-14250
1c2 (base 13) to base 6
1303
Convert -190 (base 11) to